j) = -8*j**2 - 4*j + 3. Let h(c) = 7*c**2 + 4*c - 2. Let d(q) = -5*h(q) - 4*v(q). Let x be d(-2). Determine t(x).
2
Let m(z) = z**2 + 5*z - 6. Let j be m(-6). Let c(d) = d**2 - d. Let s(f) = 2*f**2 - 3*f - 1. Let h(l) = 5*c(l) - 2*s(l). Calculate h(j).
2
Let z(a) be the second derivative of -a**3/6 + 3*a**2/2 - 324*a. Determine z(3).
0
Let h(t) = 2*t**2. Let u(d) = 10*d - 58. Let q be u(6). Determine h(q).
8
Let p(d) = d**3 - 2*d**2 - 8*d + 9. Let z be p(4). Let l(s) = -s + 9. Determine l(z).
0
Let k(h) = -4*h**3 + 6*h**2 - 6*h + 3. Let o(u) = 7*u**3 - 10*u**2 + 10*u - 7. Let a(j) = 5*k(j) + 3*o(j). What is a(0)?
-6
Let y = 4134 - 4134. Let x(v) = 5*v**3 - v**2 + 7*v - 34. Let n(z) = -z**3 - z + 1. Let r(o) = -6*n(o) - x(o). Calculate r(y).
28
Let n(d) be the third derivative of 0 - 16*d**2 - 1/60*d**5 - 5/24*d**4 + 0*d + 0*d**3. Determine n(-4).
4
Let m = 110 + -109. Let p(n) = -5*n - 7*n - 3*n**2 - 10*n + 18*n + n**3 - m. Calculate p(4).
-1
Let s be 3 - (-1 + 0)*1. Let y(k) = -7*k + 3. Let g be (-2)/(11 + -3) + (-210)/24. Let p(l) = -3*l + 1. Let o(c) = g*p(c) + s*y(c). Determine o(0).
3
Suppose -6 = -5*w + 4. Let v be (-3)/(-1*1/w). Let t(m) = -2*m + 1 + 6*m - 9. Calculate t(v).
16
Let b(q) = -8*q - 2. Let i be (11 - 15) + (0 - -4). What is b(i)?
-2
Let x(q) = 3*q**2 - 106*q + 226. Let r be x(33). Let a(i) = 6*i - 4. What is a(r)?
-34
Let k(s) = -3*s**3 - 14*s**2 - 17*s - 1. Let n(y) = y**3 + 5*y**2 + 6*y. Let q(g) = -6*k(g) - 17*n(g). Determine q(0).
6
Let s be (-23)/(-8) + 3/24. Let o be s/((-12)/16 - 0). Let c be o*-3*1/(-2). Let a(g) = -g**2 - 7*g - 8. What is a(c)?
-2
Let t(v) = v**2 - 43*v + 5. Let p be t(43). Let c(g) = 3*g - 1. Let j be c(1). Let s(h) = j*h - 9*h + h**2 + h. Calculate s(p).
-5
Let y(h) = -6*h - 1. Let r be (2/3*(-39)/(-26))/1. Determine y(r).
-7
Let t = 140 + -217. Let f = -80 - t. Let b(r) = r**2 + r - 4. What is b(f)?
2
Let l(d) = 13*d - d**2 - 4 - 2 - 4*d**2 - 4*d + 4*d**2. Let g(m) = m**2 + 5*m - 7. Let y be g(-7). Calculate l(y).
8
Let o(z) = 4*z**2 - 2*z + 2. Suppose 0 = -2*l - 5 + 7. Let s be 198/(-3)*l/(-3). Suppose -5*v = -v + 2*t, -3*v + 4*t + s = 0. Give o(v).
14
Let g(j) = -j**2 - j - 3. Let t be (4/(-5))/((-32)/240*-1). Determine g(t).
-33
Suppose 8 = -4*o, 5*x - 5*o - 10 = x. Let v(s) = 23*s + 33. Let y(t) = 13*t + 17. Let z(p) = 4*v(p) - 7*y(p). Calculate z(x).
13
Let y(t) = t**2 + 14*t + 15. Suppose 56*h + 34 = -246. Calculate y(h).
-30
Let y(b) = -3*b - 5. Let d(t) = 2*t + 5. Let z(q) = 5*d(q) + 4*y(q). Let g = 19 + -10. Let j = -5 + g. Calculate z(j).
-3
Let q = -18 + 21. Let m(c) = 0*c - 1 + 0*c - q*c. Calculate m(1).
-4
Suppose 7*w = 6*w + 3. Let a(h) = -231*h**3 - 1 + 7*h + 232*h**w - 3*h - 5*h**2. Calculate a(4).
-1
Let c(k) = -7*k + 105. Let w be c(15). Let y(z) be the second derivative of w + 1/6*z**3 + z**2 + z. What is y(-2)?
0
Let x(u) = -2 - 533*u - 6 - 532*u + 1069*u. Calculate x(2).
0
Suppose -j + 3*t - 8 = 0, 2*j = -3*t + 5*t - 4. Let c be (j + -1)*(-1)/2. Let r(p) = c + 3 + p**2 - 2*p - 5. What is r(3)?
1
Let v(h) = h**2 + 4*h + 2. Let z = -37 - -47. Suppose -8*q - 14 - z = 0. What is v(q)?
-1
Let y(h) = -8*h - 4*h + 11*h + 14. Let c be y(12). Let l(z) = -3*z - 1. Calculate l(c).
-7
Let h(z) = -z**2 - 4*z + 6. Suppose -2*p - 1 - 12 = 3*q, 0 = -4*p + 3*q - 17. Give h(p).
1
Let g = 949 + -957. Let s(t) = -t**3 - 8*t**2 - 2*t - 7. Determine s(g).
9
Let h(z) = z + 3. Let p = -202 + 204. What is h(p)?
5
Let q(w) = w - 4. Let m(j) = -j + 14. Let f(i) = m(i) + 2*q(i). Determine f(-10).
-4
Let n(l) = 5 + 2 + 4*l - 5. Suppose -t = 3*p + 4, -20*t - 4 = p - 21*t. Determine n(p).
-6
Suppose -5*r + 31 = 3*o, 3*r + 8 = -o + 25. Let f(y) = -2 + 1 - 5*y + 3*y - 10*y**3 - 2*y**o. Let g(w) = -31*w - 187. Let p be g(-6). What is f(p)?
9
Let p = -1 - -6. Let t(s) = -p + 2 - s - 3 + 1. Give t(-5).
0
Let d(q) = -2*q - 24. Let r = -124 - -114. What is d(r)?
-4
Let d(g) = g**2 - 4*g + 8*g**2 - 7*g**2 + 1. Let i(p) = 2*p**2 - 4*p + 1. Let l be 3 - 3*(0 + 2). Let s(n) = l*i(n) + 2*d(n). What is s(3)?
-7
Let h(i) be the third derivative of i**5/60 + 5*i**4/24 - 5*i**3/3 + 7*i**2. Let l(k) be the first derivative of h(k). What is l(-5)?
-5
Let x(a) be the first derivative of -a**4/4 + a**3/3 + 3*a**2/2 - a + 99. Determine x(3).
-10
Let h(s) be the second derivative of -7*s**4/12 - 11*s**3/6 - 7*s**2 - 37*s. Let z(i) = 8*i**2 + 11*i + 15. Let r(p) = 7*h(p) + 6*z(p). What is r(-7)?
20
Let s(h) = -3*h**2 + 3*h - 3. Let l be s(2). Let a(f) be the third derivative of -f**4/24 - 2*f**3/3 - f**2. Give a(l).
5
Let b(g) = g**3 - 3*g**2 - 2*g - 5. Let h(o) = 0*o**2 - 3*o - 2 - o**2 - 2*o + 0*o. Let y be h(-5). Let q be (-2)/y - (9 - 12). Determine b(q).
3
Let d(y) = 5*y + 13. Let m(i) = 11*i + 27. Let r(l) = 13*d(l) - 6*m(l). What is r(7)?
0
Let a(z) = -16*z + 58. Suppose 0 = 5*t + h - 23, 83 = 3*t + 2*h + 65. Give a(t).
-6
Let m(y) = 3*y - 3*y - 6*y + 5*y + 1 + y**2. Let d(x) be the first derivative of 2*x**3/3 - 9*x**2/2 - 1. Let o(f) = d(f) - 3*m(f). Give o(-4).
5
Suppose p + 38 = -p. Let i = p + 22. Let x(k) = 4*k**3 + 3*k**2 + 7. Let u(t) = t**3 + t**2. Let n(l) = i*u(l) - x(l). Give n(0).
-7
Let x(l) = -l**2 - 5*l + 1. Let m(r) = -3*r**2 - 3*r + 8. Let i(j) = m(j) - 2*x(j). What is i(8)?
-2
Let q(x) = 9*x - 10. Let y(p) = 2*p + 1. Let a(m) = -q(m) + 4*y(m). Suppose 2*b - 4*b + 10 = w, 14 = 2*w + b. Give a(w).
8
Let r(b) = -b**2 + 5*b + 3. Let u(s) = 1. Let p(t) = -r(t) + 2*u(t). Let q be (-4)/((-20)/15) - -2. Suppose j - q*w = -0*w - 10, -4*j - w = -23. Determine p(j).
-1
Suppose 3*y - 24 = -138. Let c = y + 29. Let p(v) = -v**3 - 8*v**2 + 11*v + 12. Calculate p(c).
-6
Let q(r) be the first derivative of -3*r**2/2 + 6*r + 1. Let t(l) = 2*l**2 + 4. Let u = -22 + 22. Let b be t(u). Give q(b).
-6
Let y(a) = a**2 + 3*a + 1. Let n(b) = 2*b**2 + 2*b - 1. Let x(r) = -n(r) + 3*y(r). Determine x(-4).
-8
Let c(k) be the third derivative of -k**6/120 - k**4/24 + 13*k**3/2 + 2*k**2 + 84*k. Calculate c(0).
39
Let x(o) = o**3 + 5*o**2 + 6*o + 4. Let b(a) be the first derivative of a**2/2 + 6*a + 6. Let c be b(-7). Let r = -5 - c. What is x(r)?
-4
Let t be (-1 + 2)*(7 - 8)*-1. Let d(b) = 14*b**2 + 2*b + 1. Let g(n) = n**2 + n + 1. Let r(q) = d(q) - 2*g(q). Calculate r(t).
11
Let a(m) be the first derivative of -m**2/2 + 10*m - 36. Calculate a(0).
10
Suppose 2*p + 2 = p, -5*g = -p - 7. Let i(u) = 3*u**2 + u - 1. Let z be i(g). Let t(c) = -c + c**2 - z*c + 5*c - 4*c. Give t(4).
4
Let n = -84 - -82. Let h(c) = c**2 - c - 2. Calculate h(n).
4
Suppose -w + 0*d + 15 = -4*d, w + d = 0. Let h(f) = -3 + 5*f**2 + 8*f + f**2 + 0*f**2 - 3*f + f**w. Calculate h(-4).
9
Let c(g) = -1 + 0*g**3 - 10*g**2 + 9*g**2 + g - 16*g**3. Suppose y - 1 = -0. Determine c(y).
-17
Let f(b) be the first derivative of -b**2 + 1/4*b**4 + 4/3*b**3 + 4*b + 5. What is f(-5)?
-11
Let o(x) = -x**2 - 8*x - 2. Let w be o(-7). Let g(y) = y - w + 2 - 2 + 3. Give g(7).
5
Let m be 1*(-2)/18*(2 - 17). Let d(n) be the first derivative of -m*n**3 + n - 1 + 0*n**2. What is d(1)?
-4
Let m be -2 - ((-1)/(5 - 4) + -4). Let n(d) = 3*d**2 - 7*d + 4. Give n(m).
10
Let a(i) = 17*i**2 + 64*i - 9. Let c(h) = 3*h**2 + 12*h - 2. Let k(n) = 2*a(n) - 11*c(n). Let t = 10 - 6. Let p = 8 - t. Calculate k(p).
4
Let z(j) = -5*j**2 + 10*j. Let i(w) = 14*w**2 - 29*w + 1. Let h(u) = -4*i(u) - 11*z(u). Suppose -186*c = -204*c + 72. Determine h(c).
4
Let p(x) = x**2 + 18*x - 73. Let j be p(-21). Let v(m) = m**2 + 8*m - 7. Calculate v(j).
13
Suppose -3*j = -13 - 20. Let v(b) = -14*b**3 + 32*b**2 - 26*b + 3. Let h(i) = -5*i**3 + 11*i**2 - 9*i + 1. Let f(g) = j*h(g) - 4*v(g). Calculate f(6).
-7
Let m(t) = t - 1. Let n(i) = -2*i - 7 + 9*i + 1. Let r(w) = 6*m(w) - n(w). Give r(5).
-5
Let q(z) = 3*z + 15. Suppose -x = k - 6*x + 22, 2*x + 29 = -5*k. Determine q(k).
-6
Let b(w) = -w**2 + 4*w - 3. Let p be b(4). Let n(c) = c**2 + 1. Let m(t) = -4*t**2 - 4*t - 5. Let a(k) = -m(k) - 3*n(k). Determine a(p).
-1
Let p(t) = 2*t + 1. Let d(g) = g**3 - g**2 + 14*g - 4. Let u(r) = -d(r) + 7*p(r). Let a(v) = -v**3 + 2*v**2 - 1. Let m be a(1). Calculate u(m).
11
Let k(z) = 3*z - 1. Let y be 2/8 - ((-7)/4 + -4). Let t = y - 9. What is k(t)?
-10
Let u(q) = -q**2 + q. Let d(p) = -4*p**2 + 7*p + 8. Let f(w) = d(w) - 3*u